ors of 835808.
2, 26119
List the prime factors of 4310774.
2, 13, 165799
What are the prime factors of 397722?
2, 3, 13, 5099
List the prime factors of 626710.
2, 5, 7, 1279
What are the prime factors of 30289?
7, 4327
What are the prime factors of 363376?
2, 13, 1747
What are the prime factors of 3440345?
5, 271, 2539
List the prime factors of 1341968.
2, 83873
List the prime factors of 760171.
19, 40009
List the prime factors of 4180416.
2, 3, 21773
What are the prime factors of 707400?
2, 3, 5, 131
What are the prime factors of 4020148?
2, 11, 91367
What are the prime factors of 11373?
3, 17, 223
List the prime factors of 68771.
68771
List the prime factors of 176741.
176741
List the prime factors of 236100.
2, 3, 5, 787
List the prime factors of 1549673.
29, 53437
What are the prime factors of 476403?
3, 379, 419
List the prime factors of 9744546.
2, 3, 7, 232013
List the prime factors of 1437877.
7, 17, 43, 281
What are the prime factors of 10289831?
1381, 7451
List the prime factors of 33386979.
3, 53, 59, 3559
What are the prime factors of 1826641?
19, 127, 757
What are the prime factors of 24106263?
3, 149, 199, 271
List the prime factors of 736675.
5, 79, 373
What are the prime factors of 1552370?
2, 5, 29, 53, 101
What are the prime factors of 1844164?
2, 7, 97
What are the prime factors of 14011112?
2, 337, 5197
List the prime factors of 133448.
2, 7, 2383
List the prime factors of 198260.
2, 5, 23, 431
What are the prime factors of 4450449?
3, 1123, 1321
What are the prime factors of 3810233?
7, 157, 3467
What are the prime factors of 9550948?
2, 11, 131, 1657
What are the prime factors of 313351?
313351
What are the prime factors of 2615037?
3, 871679
List the prime factors of 22973777.
22973777
List the prime factors of 253031.
401, 631
List the prime factors of 14324.
2, 3581
What are the prime factors of 825970?
2, 5, 151, 547
What are the prime factors of 556748?
2, 139187
What are the prime factors of 21757692?
2, 3, 11, 164831
What are the prime factors of 154126?
2, 7, 101, 109
What are the prime factors of 3850507?
3850507
List the prime factors of 67473.
3, 7, 17
List the prime factors of 1645393.
113, 14561
List the prime factors of 211827.
3, 7, 11, 131
What are the prime factors of 9066677?
9066677
List the prime factors of 450073.
13, 89, 389
List the prime factors of 681283.
19, 23, 1559
List the prime factors of 3468798.
2, 3, 64237
List the prime factors of 8821.
8821
List the prime factors of 3572344.
2, 601, 743
What are the prime factors of 11179504?
2, 7, 99817
List the prime factors of 3715844.
2, 11, 79, 1069
What are the prime factors of 1309685?
5, 13, 20149
What are the prime factors of 10911874?
2, 887, 6151
List the prime factors of 3382630.
2, 5, 338263
What are the prime factors of 11636890?
2, 5, 1163689
What are the prime factors of 461105?
5, 92221
What are the prime factors of 29797828?
2, 101, 73757
What are the prime factors of 7110607?
7, 17, 59753
What are the prime factors of 2858015?
5, 571603
List the prime factors of 6457613.
6457613
List the prime factors of 1625407.
7, 89, 2609
What are the prime factors of 9976595?
5, 23, 86753
What are the prime factors of 2019184?
2, 126199
What are the prime factors of 12072780?
2, 3, 5, 79, 283
List the prime factors of 8001498.
2, 3, 1333583
List the prime factors of 2978238.
2, 3, 107, 4639
What are the prime factors of 1065375?
3, 5, 947
What are the prime factors of 6582852?
2, 3, 182857
List the prime factors of 36081287.
11, 53, 199, 311
List the prime factors of 1953618.
2, 3, 19, 17137
List the prime factors of 9464335.
5, 1892867
List the prime factors of 5535888.
2, 3, 115331
List the prime factors of 105748.
2, 26437
List the prime factors of 32327.
32327
List the prime factors of 13229971.
127, 104173
List the prime factors of 5875883.
13, 19, 23789
What are the prime factors of 8725860?
2, 3, 5, 11, 13, 113
List the prime factors of 601615.
5, 7, 17189
List the prime factors of 20673517.
20673517
What are the prime factors of 199048?
2, 139, 179
List the prime factors of 1052104.
2, 347, 379
List the prime factors of 398623.
157, 2539
What are the prime factors of 281308?
2, 70327
What are the prime factors of 95760?
2, 3, 5, 7, 19
What are the prime factors of 168650?
2, 5, 3373
What are the prime factors of 11225482?
2, 5612741
List the prime factors of 6867798.
2, 3, 7, 101, 1619
What are the prime factors of 11348210?
2, 5, 1134821
List the prime factors of 416689.
7, 13, 19, 241
What are the prime factors of 1067415?
3, 5, 71161
List the prime factors of 248860.
2, 5, 23, 541
What are the prime factors of 5536353?
3, 19, 23, 41, 103
List the prime factors of 388907.
23, 37, 457
What are the prime factors of 2116261?
7, 43189
List the prime factors of 1283962.
2, 641981
What are the prime factors of 13452782?
2, 7, 277, 3469
What are the prime factors of 4773111?
3, 7, 37, 6143
List the prime factors of 398436.
2, 3, 33203
List the prime factors of 1195848.
2, 3, 17, 977
List the prime factors of 186396.
2, 3, 7, 317
What are the prime factors of 1585995?
3, 5, 105733
What are the prime factors of 2749984?
2, 19, 4523
List the prime factors of 3301072.
2, 193, 1069
List the prime factors of 458210.
2, 5, 45821
What are the prime factors of 674275?
5, 7, 3853
What are the prime factors of 132214?
2, 66107
List the prime factors of 1731198.
2, 3, 7, 47, 877
What are the prime factors of 174937?
7, 67, 373
What are the prime factors of 15751767?
3, 67, 78367
What are the prime factors of 14308330?
2, 5, 19, 75307
List the prime factors of 4377127.
293, 14939
List the prime factors of 121325.
5, 23, 211
What are the prime factors of 652565?
5, 130513
List the prime factors of 26883.
3, 29, 103
What are the prime factors of 5219306?
2, 17, 153509
List the prime factors of 5926592.
2, 7, 13229
List the prime factors of 799708.
2, 7, 13
What are the prime factors of 253035?
3, 5, 5623
List the prime factors of 3056416.
2, 11, 19, 457
What are the prime factors of 914684?
2, 67, 3413
What are the prime factors of 2282930?
2, 5, 13, 17, 1033
What are the prime factors of 299445?
3, 5, 19963
What are the prime factors of 5822340?
2, 3, 5, 97039
List the prime factors of 1474950.
2, 3, 5, 9833
What are the prime factors of 10377341?
13, 798257
What are the prime factors of 396469?
211, 1879
List the prime factors of 118828.
2, 61, 487
List the prime factors of 13140498.
2, 3, 7, 23, 61, 223
What are the prime factors of 4673875?
5, 139, 269
What are the prime factors of 315037?
315037
List the prime factors of 323279.
11, 29389
List the prime factors of 2646401.
181, 14621
List the prime factors of 121008.
2, 3, 2521
List the prime factors of 243583.
243583
List the prime factors of 372429.
3, 41381
List the prime factors of 421160.
2, 5, 10529
What are the prime factors of 380932?
2, 95233
What are the prime factors of 1257194?
2, 281, 2237
What are the prime factors of 24700492?
2, 6175123
What are the prime factors of 347125?
5, 2777
List the prime factors of 512269.
512269
What are the prime factors of 8123333?
31, 79, 107
List the prime factors of 162595.
5, 31, 1049
What are the prime factors of 1477022?
2, 19, 47, 827
What are the prime factors of 12653956?
2, 7, 23, 401
What are the prime factors of 868969?
71, 12239
What are the prime factors of 6220758?
2, 3, 1036793
List the prime factors of 542108.
2, 7, 19, 1019
What are the prime factors of 4095542?
2, 11, 186161
List the prime factors of 188766.
2, 3, 10487
List the prime factors of 15276731.
83, 184057
List the prime factors of 1452448.
2, 45389
List the prime factors of 11538001.
593, 19457
What are the prime factors of 630603?
3, 70067
What are the prime factors of 16708028?
2, 23, 181609
What are the prime factors of 1645965?
3, 5, 79, 463
List the prime factors of 1268027.
37, 43, 797
What are the prime factors of 35805?
3, 5, 7, 11, 31
List the prime factors of 11473533.
3, 173, 7369
List the prime factors of 5075027.
17, 487, 613
What are the prime factors of 2450948?
2, 612737
What are the prime factors of 19447200?
2, 3, 5, 37, 73
What are the prime factors of 2181157?
11, 83, 2389
What are the prime factors of 65310?
2, 3, 5, 7, 311
List the prime factors of 258873